{"id":48,"date":"2023-05-17T17:45:22","date_gmt":"2023-05-17T15:45:22","guid":{"rendered":"https:\/\/location-lesarcs1800.fr\/?page_id=48"},"modified":"2023-05-20T17:26:23","modified_gmt":"2023-05-20T15:26:23","slug":"appartement","status":"publish","type":"page","link":"https:\/\/location-lesarcs1800.fr\/?page_id=48","title":{"rendered":"Appartement"},"content":{"rendered":"\n<p>L&#8217;appartement est un T2 de 25m2 situ\u00e9 dans le c\u0153ur de la station des arcs 1800. Il se trouve dans la r\u00e9sidence du Grand Arbois. Il a \u00e9t\u00e9 r\u00e9cemment r\u00e9nov\u00e9 avec go\u00fbt.<br>Il est \u00e9quip\u00e9  :<\/p>\n\n\n\n<ul>\n<li>d&#8217;une cuisine avec des plaques \u00e0 induction, d&#8217;une hotte, et d&#8217;un grand r\u00e9frig\u00e9rateur<\/li>\n\n\n\n<li>d&#8217;une chambre avec un lit en 140*190cm avec un placard et une commode. La chambre offre une magnifique vue sur le Mont Blanc.<\/li>\n\n\n\n<li>d&#8217;une salle de bain avec une baignoire, un lavabo et un WC.<\/li>\n\n\n\n<li>d&#8217;une entr\u00e9e avec rangement des affaires de ski.<\/li>\n\n\n\n<li>d&#8217;un coin de vie avec un canap\u00e9 d&#8217;angle convertible, une table extensible 4 personnes et un t\u00e9l\u00e9viseur.<\/li>\n\n\n\n<li>d&#8217;un balcon offrant une vue sur le Mont Blanc et sur la Pierra Menta.<\/li>\n<\/ul>\n","protected":false},"excerpt":{"rendered":"<p>L&#8217;appartement est un T2 de 25m2 situ\u00e9 dans le c\u0153ur de la station des arcs 1800. Il se trouve dans la r\u00e9sidence du Grand Arbois. Il a \u00e9t\u00e9 r\u00e9cemment r\u00e9nov\u00e9 avec go\u00fbt.Il est \u00e9quip\u00e9 :<\/p>\n","protected":false},"author":1,"featured_media":0,"parent":0,"menu_order":0,"comment_status":"closed","ping_status":"closed","template":"","meta":{"om_disable_all_campaigns":false,"_mi_skip_tracking":false},"aioseo_notices":[],"_links":{"self":[{"href":"https:\/\/location-lesarcs1800.fr\/index.php?rest_route=\/wp\/v2\/pages\/48"}],"collection":[{"href":"https:\/\/location-lesarcs1800.fr\/index.php?rest_route=\/wp\/v2\/pages"}],"about":[{"href":"https:\/\/location-lesarcs1800.fr\/index.php?rest_route=\/wp\/v2\/types\/page"}],"author":[{"embeddable":true,"href":"https:\/\/location-lesarcs1800.fr\/index.php?rest_route=\/wp\/v2\/users\/1"}],"replies":[{"embeddable":true,"href":"https:\/\/location-lesarcs1800.fr\/index.php?rest_route=%2Fwp%2Fv2%2Fcomments&post=48"}],"version-history":[{"count":5,"href":"https:\/\/location-lesarcs1800.fr\/index.php?rest_route=\/wp\/v2\/pages\/48\/revisions"}],"predecessor-version":[{"id":203,"href":"https:\/\/location-lesarcs1800.fr\/index.php?rest_route=\/wp\/v2\/pages\/48\/revisions\/203"}],"wp:attachment":[{"href":"https:\/\/location-lesarcs1800.fr\/index.php?rest_route=%2Fwp%2Fv2%2Fmedia&parent=48"}],"curies":[{"name":"wp","href":"https:\/\/api.w.org\/{rel}","templated":true}]}}